4108?
699
What is the highest common divisor of 3002 and 101992?
38
Calculate the highest common divisor of 34371 and 621.
27
Calculate the greatest common factor of 247 and 13604.
19
What is the greatest common divisor of 1465568 and 5420?
1084
What is the highest common divisor of 66 and 412863?
33
Calculate the greatest common factor of 9 and 7134.
3
Calculate the greatest common factor of 2171944 and 332.
332
What is the greatest common factor of 145376 and 12936?
616
Calculate the highest common factor of 332376 and 264.
264
What is the highest common factor of 1601925 and 31?
31
Calculate the highest common factor of 345268 and 4180.
836
What is the greatest common divisor of 11557 and 1742?
13
What is the greatest common divisor of 145541 and 101?
101
What is the highest common factor of 1922 and 4317773?
961
What is the highest common divisor of 39471 and 708?
177
Calculate the highest common factor of 55 and 11205.
5
Calculate the highest common factor of 105 and 95181.
3
Calculate the greatest common factor of 124 and 3764.
4
What is the greatest common factor of 7453 and 52055?
29
What is the highest common divisor of 7761 and 325?
13
Calculate the highest common factor of 34 and 466276.
34
What is the greatest common divisor of 346630 and 10?
10
Calculate the greatest common factor of 1273688 and 4329.
481
What is the highest common factor of 61124 and 2331?
259
Calculate the highest common factor of 182223 and 14229.
459
What is the highest common factor of 29 and 599285?
29
What is the greatest common divisor of 1127765 and 1175?
235
Calculate the highest common factor of 72 and 765711.
9
Calculate the greatest common divisor of 978 and 231134.
326
Calculate the greatest common divisor of 980811 and 1053.
117
What is the highest common divisor of 8 and 139268?
4
What is the greatest common factor of 6 and 7581?
3
Calculate the highest common divisor of 24 and 288276.
12
What is the highest common factor of 763860 and 5?
5
What is the greatest common divisor of 1968 and 234561?
123
Calculate the greatest common factor of 1008 and 7784.
56
Calculate the greatest common factor of 171474 and 48.
6
Calculate the highest common factor of 315 and 102645.
45
What is the highest common divisor of 110761 and 70?
7
Calculate the highest common factor of 38402 and 6752.
422
What is the greatest common factor of 2084 and 534546?
1042
What is the greatest common factor of 13677 and 14550?
291
What is the highest common divisor of 4305864 and 12?
12
What is the highest common factor of 1 and 28049?
1
Calculate the highest common factor of 3068962 and 26.
26
Calculate the highest common divisor of 448 and 724.
4
Calculate the highest common factor of 3258 and 450.
18
Calculate the highest common divisor of 14 and 56119.
7
What is the highest common divisor of 18073 and 154?
11
What is the highest common divisor of 26722 and 62?
62
Calculate the highest common factor of 33210 and 4797.
369
What is the greatest common divisor of 4473 and 81?
9
Calculate the highest common factor of 1080 and 2133.
27
What is the highest common factor of 670247 and 389?
389
Calculate the highest common divisor of 221 and 1830883.
17
What is the highest common divisor of 539 and 625436?
49
What is the highest common divisor of 39488 and 256?
64
Calculate the highest common factor of 303 and 51207.
303
Calculate the highest common divisor of 2197 and 6929.
169
Calculate the highest common factor of 143 and 2041.
13
What is the highest common divisor of 25036 and 44?
44
What is the highest common factor of 6394 and 736?
46
Calculate the greatest common factor of 315 and 1237810.
35
What is the highest common factor of 1324 and 372?
4
Calculate the greatest common factor of 18 and 1773.
9
What is the highest common divisor of 3900 and 15236?
52
Calculate the greatest common divisor of 825 and 6325.
275
Calculate the highest common divisor of 42840 and 160.
40
Calculate the greatest common factor of 414 and 57960.
414
Calculate the greatest common divisor of 495 and 4248090.
495
What is the greatest common divisor of 1 and 48289?
1
Calculate the highest common factor of 17433 and 130104.
117
What is the greatest common divisor of 2387 and 151249?
217
Calculate the highest common divisor of 2432 and 171.
19
What is the highest common divisor of 15 and 11435?
5
Calculate the highest common divisor of 320528 and 624.
208
Calculate the greatest common factor of 1416 and 1752.
24
Calculate the highest common divisor of 1280 and 240.
80
What is the highest common divisor of 1062 and 96878?
118
What is the greatest common factor of 65065 and 77?
77
What is the highest common divisor of 468 and 98735?
13
Calculate the highest common factor of 31923 and 243.
9
Calculate the greatest common factor of 5566 and 4048.
506
Calculate the highest common divisor of 207162 and 44005.
677
What is the highest common divisor of 851213 and 33?
11
What is the greatest common factor of 12062 and 148982?
326
What is the highest common factor of 1200 and 1184?
16
Calculate the greatest common factor of 8 and 2861336.
8
What is the greatest common divisor of 20 and 15160?
20
What is the greatest common factor of 423 and 5429628?
423
Calculate the greatest common divisor of 121992 and 23.
23
What is the highest common divisor of 4315262 and 31?
31
What is the highest common divisor of 5988 and 372?
12
What is the highest common factor of 4594276 and 152?
76
What is the greatest common divisor of 230009 and 14971?
1361
Calculate the highest common divisor of 88023 and 5291.
481
Calculate the highest common divisor of 245 and 355495.
245
Calculate the greatest common factor of 116076 and 816.
204
Calculate the highest common divisor of 565711 and 443.
443
Calculate the highest common factor of 51 and 4281.
3
What is the highest common divisor of 21532 and 812?
28
What is the highest common factor of 27984 and 660?
132
What is the highest common factor of 1869 and 224?
7
Calculate the greatest common divisor of 23260 and 360.
20
Calculate the greatest common divisor of 51 and 738327.
51
What is the greatest common divisor of 20 and 540?
20
Calculate the highest common factor of 32562 and 5778.
54
Calculate the highest common divisor of 4964 and 37960.
292
Calculate the greatest common divisor of 7629633 and 27.
27
Calculate the greatest common factor of 1107 and 1189.
41
What is the highest common divisor of 70 and 74410?
70
Calculate the highest common factor of 55 and 3267.
11
Calculate the highest common factor of 54 and 299.
1
Calculate the highest common divisor of 416 and 8528.
208
Calculate the highest common divisor of 119 and 3213187.
17
What is the highest common factor of 398 and 4577?
199
Calculate the highest common factor of 362 and 1199306.
362
What is the highest common factor of 48024 and 90?
18
What is the greatest common factor of 20 and 24210?
10
Calculate the greatest common factor of 201 and 253126.
67
What is the highest common factor of 38256 and 432?
48
What is the greatest common divisor of 721276 and 34?
34
Calculate the highest common divisor of 4699 and 2032.
127
Calculate the greatest common factor of 4140509 and 614.
307
What is the highest common divisor of 711 and 24253?
79
Calculate the greatest common divisor of 11 and 4431361.
11
What is the greatest common divisor of 4801992 and 104?
104
What is the highest common factor of 33712 and 7396?
172
Calculate the highest common divisor of 814667 and 7.
7
Calculate the greatest common factor of 885 and 1425027.
177
Calculate the greatest common divisor of 655 and 81089.
131
What is the greatest common factor of 371826 and 210?
42
What is the greatest common factor of 190008 and 14976?
936
Calculate the highest common factor of 37 and 252895.
37
What is the highest common factor of 249921 and 63?
63
What is the greatest common divisor of 780 and 419380?
260
What is the highest common divisor of 5544 and 144?
72
What is the highest common factor of 17550 and 9650?
50
Calculate the highest common factor of 13370 and 47110.
70
What is the highest common divisor of 100 and 532550?
50
Calculate the greatest common divisor of 190 and 71459.
19
Calculate the highest common divisor of 7371 and 180873.
567
What is the greatest